ppose 3*c - 25 = -t*f - 0, -2*c = -4*f + 10. List the prime factors of c.
3
Suppose 24 = 7*i - 4. Suppose -2*d - i*w + 304 = 0, -w = 5*d - 695 - 92. List the prime factors of d.
2, 79
Let d be (-8)/2 + 66/33. List the prime factors of (49/7 + -8)/(d/422).
211
Let p = -4 - -18. Suppose 2*g - 3*g - 3*k + 2 = 0, 0 = 2*g - 4*k - p. Suppose -3*r - 43 = -d, 2*d + r + 113 = g*d. List the prime factors of d.
37
Suppose -68*s + 21800 = -60*s. What are the prime factors of s?
5, 109
What are the prime factors of (-1)/(((-1)/(-6))/(6735/(-30)))?
3, 449
Let h = -19 + 20. Suppose j = -4 - h. What are the prime factors of (j - 16/(-4)) + 47?
2, 23
Let t = 202 + -25. Let z = t - -247. List the prime factors of 4/(-14) + z/14.
2, 3, 5
Suppose 49306 = 8*d + 11938. List the prime factors of d.
3, 173
Let k(g) be the first derivative of -9*g**2 - 8. Let i be k(-3). Let m = i - 32. List the prime factors of m.
2, 11
Let o(v) be the third derivative of v**5/30 + v**4/12 + 3*v**3/2 - 9*v**2. List the prime factors of o(-6).
3, 23
List the prime factors of (-13)/((-65)/(-40)) - -2086.
2, 1039
Suppose k = 149 + 36. Suppose 5*l - 3*q - k = -8*q, 90 = 3*l - 4*q. Suppose -3*j + j = -l. List the prime factors of j.
17
Suppose 0 = -841*r + 814*r + 90720. What are the prime factors of r?
2, 3, 5, 7
Suppose 0 = -66*q + 73*q - 12964. List the prime factors of q.
2, 463
Let j = 1089 + -764. List the prime factors of j.
5, 13
Let k(b) = b**2 + 20*b + 5. Let y be k(-20). Let o(g) = -g**3 - 2*g**2 + 4*g - 1. Let z be o(-5). Suppose y*n - z = 41. What are the prime factors of n?
19
Let s be ((-3)/(-1))/3*-299. Let x = -133 - s. What are the prime factors of x?
2, 83
Suppose -c - 3763 = -4*g, 0 = g - 33*c + 31*c - 939. What are the prime factors of g?
941
Let j = 581 - 373. Suppose 5 - 14 = -3*s. Suppose 5*p = -s*b + 89 + j, 0 = -3*p + 3*b + 159. What are the prime factors of p?
3, 19
Let l be -3 - 0 - (-2)/(2/207). Suppose 5*f - l = -9. List the prime factors of f.
3, 13
Suppose -w - 4*w + 5415 = 0. What are the prime factors of w?
3, 19
Let v be 9*(-4)/(-12) + -14. Let z(w) = -w**3 - 10*w**2 + 10*w + 21. What are the prime factors of z(v)?
2
Let r be ((-3)/(-6) - 1)/((-9)/(-1854)). Let w = -56 - r. What are the prime factors of w?
47
Let s(i) = -i**3 + 13*i**2 + 33*i - 28. List the prime factors of s(14).
2, 7, 17
Let x be 57/12 - (-6)/(-8). Let c(t) = t**3 - 4*t**2 + t. Let p be c(x). Suppose -p*h + 81 = -3*u, 0 = 5*h + 5*u - 119 + 44. What are the prime factors of h?
2, 3
Suppose z = 5*z. Suppose -4*h + 101 = -5*w, 110 = -z*h + 5*h - 3*w. What are the prime factors of h?
19
What are the prime factors of 3/(-3) + 0 + (316 - 5)?
2, 5, 31
Suppose z + 2*z = -q + 16, 5*q - 5*z = 100. Let m = q + -16. List the prime factors of m.
3
Suppose -2*q = -3*b - 1072, -2*b - 73 = -q + 461. What are the prime factors of q?
2, 271
Let w(u) = -2*u**3 - u**2 + 11*u + 59. List the prime factors of w(-10).
43
Let u(k) = -3*k + 10. Let n be u(-5). Let f = n - 23. Suppose l = -a + 30, -l + 5*a - 38 = -f*l. List the prime factors of l.
2, 7
Suppose 5*l + m = 4215, -l - 2*m = 65 - 908. What are the prime factors of l?
3, 281
Let s = 1042 + -612. Suppose -2*q + 2*p = -s, 0 = -q - 4*q - 4*p + 1102. List the prime factors of q.
2, 109
Let s be (-24)/(-9) + 1/3. Suppose 73 = s*z - 116. List the prime factors of z.
3, 7
Suppose -2*k + 4*a + 30 = 0, -3*k + 35 + 19 = -3*a. What are the prime factors of ((-7)/(k/(-54)))/1?
2, 3
Suppose 15051 - 4579 = 4*v. What are the prime factors of v?
2, 7, 11, 17
Suppose 31*b - 119813 = -12801. List the prime factors of b.
2, 863
Let v(g) = -39*g**3 - 4*g**2 + 5*g - 5. Let u be v(3). Let p = -754 - u. List the prime factors of p.
5, 13
Let s(c) = -c**2 + 8*c - 13. Let r be s(5). Suppose f = r*f + q - 25, 3*f + q = 73. List the prime factors of f.
2, 3
Let o be 267 + 1*(2 + -2)/(-3). Let j = o - 164. List the prime factors of j.
103
Let z(g) = -g**2 + 11*g. Suppose 11 = 3*w - 19. Let q be z(w). Suppose 2*m + q = 36. List the prime factors of m.
13
Let f be (-2 + 30/12)*456. Let v = f - 25. What are the prime factors of v?
7, 29
Suppose 5*u + 4*o - 118 = 0, 6*o - 17 = -u + 3*o. Suppose 0 = 30*v - u*v - 24. What are the prime factors of v?
2, 3
What are the prime factors of (-240196)/(-462) + (-4)/(-42)?
2, 5, 13
Let l be ((-16)/10)/(18/(-45)). Suppose 4*u = 5*p - 476, 5*u - 72 = 3*p - l*p. Suppose 0*z = -2*z - 4*h + p, -4*z + 172 = 2*h. List the prime factors of z.
2, 3, 7
Let f(j) = -j**2 - j + 4. Let g be f(-3). Let m be (-2)/(g*(-1)/(-4)). Suppose 0*u - 76 = -2*z + 5*u, -2*z - m*u = -40. What are the prime factors of z?
2, 7
Let w = 113 + -111. Suppose w*g - g = 83. List the prime factors of g.
83
Suppose 9*p = 4*p + 1520. Suppose 0 = f + 3*f - p. List the prime factors of f.
2, 19
Suppose 0*x - 4*x + 84 = 0. Let q = -2 + x. What are the prime factors of q?
19
Let l(a) = a**2 - 4*a + 4. Let h be l(-4). Let d be 1880/h + 2/(-9). Suppose -4*g + 2*g + d = 0. List the prime factors of g.
2, 13
Let n(m) = -m**3 + m**2 - m - 1. Let q be n(2). Suppose 3*w - 72 = 4*k + 12, -5*w + k + 123 = 0. Let r = q + w. What are the prime factors of r?
17
Suppose 17840 = 191*r - 183*r. What are the prime factors of r?
2, 5, 223
Let j = 3421 + -2246. Suppose -27*u - j = -32*u. List the prime factors of u.
5, 47
Let g = -180 + 330. List the prime factors of (-1740)/g*(0 + (0 - 10)).
2, 29
Let i(o) = -294*o - 8. List the prime factors of i(-13).
2, 1907
Suppose -5*h + 6260 = 5*k, -6305 = -5*k - 116*h + 120*h. What are the prime factors of k?
3, 419
Let v be 7/(35/20) - 13. Let d be 1 + 1 + 0 + v. What are the prime factors of (-15)/(-9)*(-4 - d)?
5
What are the prime factors of 133842/66 - 2*(-2)/44?
2, 3, 13
Suppose -28 = -5*z + 107. Suppose 0 = -4*t - 4*i + 120, t - z = 2*i - 9. List the prime factors of t.
2, 13
Suppose 0 = 3*d - s - 2*s - 33, -3*d + 5*s + 43 = 0. What are the prime factors of 9/d*(-4)/(-2)?
3
Suppose t = -2*i + 2375 + 2642, -2*i + 5002 = 4*t. What are the prime factors of i?
3, 31
Suppose 0 = 5*r + 20, 2*i + 15*r - 5082 = 14*r. What are the prime factors of i?
2543
Suppose 40*p - 69020 = 30340. List the prime factors of p.
2, 3, 23
List the prime factors of ((27/12)/(-3))/((-2)/208).
2, 3, 13
Let b be (3 + (-2541)/(-3))*1/(-2). Let j = b + 658. List the prime factors of j.
233
What are the prime factors of (-225)/1*8/(-6)?
2, 3, 5
Let s = -1346 - -3468. What are the prime factors of s?
2, 1061
Let f(h) = h**3 - h**2 - 4*h - 4. Let q be f(3). Suppose q*d = 8*a - 4*a - 642, -4*a = d - 645. What are the prime factors of a?
7, 23
Let m(a) = -a**3 + 2*a**2 - 3*a - 1. Let d be m(2). Let s be 1 - (d + 3 - 67). Suppose 13*t - 11*t - s = 0. What are the prime factors of t?
2, 3
Let m = 305 + -275. What are the prime factors of m?
2, 3, 5
Let i(s) = -3*s**2 - 4*s - 12. Let n(l) = -5*l**2 - 7*l - 23. Let t(o) = -7*i(o) + 4*n(o). What are the prime factors of t(6)?
2, 7
Let t(q) = -q**2 - 12*q - 8. Let u be t(-10). Suppose n = -0*n + u. List the prime factors of n.
2, 3
Let q = 6630 - 4568. List the prime factors of q.
2, 1031
Let r be (0 - 369)*((-5)/(-3))/(-5). Let n = r - 104. What are the prime factors of n?
19
Let b = -765 - -1963. List the prime factors of b.
2, 599
Suppose -o + 473 = 5*g, 3*g - o + 5*o = 294. Suppose 126 + g = 5*i. Let h = 70 - i. List the prime factors of h.
2, 13
Let m(l) = -l**2 + 10. Let v be m(5). Let x = -17 - v. List the prime factors of 102/24 - x/(-8).
2
Let p = 11253 + -7976. What are the prime factors of p?
29, 113
Let b(s) be the first derivative of s**4/4 + s**3/3 + 2*s**2 - 3*s + 1. List the prime factors of b(6).
3, 7, 13
Suppose 4*y + 52 = -4*s, -8 = 4*y - 4*s + 4. Suppose -2*z + 12 = -p, -3*p - 33 = -5*z + 6. Let n = y - p. List the prime factors of n.
2, 5
Let h be 1/((-52)/(-28) + -2). Let s = h + -5. What are the prime factors of (s/9)/(16/(-36))?
3
Suppose 3*k - 7 + 4 = 0. What are the prime factors of (81 - 9/(-3)) + k?
5, 17
Suppose 2*r + b - 1417 = 1390, 3*r - 4212 = -3*b. What are the prime factors of r?
23, 61
Suppose -4*r + 5*p = -55, -46 = -3*r - 0*r - p. List the prime factors of (-5)/15 - (-335)/r.
2, 11
Suppose -3*z = -2*m - 8, -2*z - 5*m - 1 = -0. Suppose -2*d = -3*p + z*d - 8, -2*d + 14 = -4*p. List the prime factors of p - 